
-119
What is the value of 7 + (-1 - 10 - ((4 - (19 - 16)) + -4))?
-1
Calculate 61 + 2 + -2 + (-136 - (-130 + 3)).
52
Calculate -37 + (1 + 4 - -4 - (40 - 34)).
-34
What is 49 + -69 + -22 - -45?
3
Evaluate 20 + (64 - 30 - (-44 - -30)).
68
18 + (-3 - 10) + 40 + -41
4
Evaluate 1 + -1 + 8 + 1 - (374 - 404).
39
10 + -3 - ((8 - (-4 - -2)) + (-82 - -58))
21
What is -19 + (11 - 43) + 5?
-46
Evaluate -83 - (2 + (-64 - -1)).
-22
Evaluate 58 - -8 - (136 - 27).
-43
What is the value of -71 + (71 - -55) - 82?
-27
What is the value of -26 + (1 - -28 - (-76 + 87))?
-8
Evaluate (26 - 4) + (32 - (57 + -31)).
28
What is -2 + -21 - (-182 + 40 + (1 - -10))?
108
Calculate (-1 - 7) + (28 - (27 - 18)) + -31.
-20
What is the value of 0 - -21 - (-2064 + 2110 + -56 + 2)?
29
Calculate (2 - 1 - 2 - (634 + -578)) + 3 + -5.
-59
What is the value of -1 + 49 + (3642 - 3689)?
1
Evaluate -18 - (-20 + -7 - -42) - -14.
-19
282 + -256 - (17 + 0) - (-1 + 2 - 18)
26
Evaluate 1 + -6 + -26 + 49 - (14 + -10).
14
What is 17 - (43 - (-43 - -123))?
54
What is -94 + 122 + (13 - 105)?
-64
Evaluate 91 - (111 + -38) - (55 + (0 - -2)).
-39
What is 3 + (1 - (-23 - (18 + -11 + -14)))?
20
Calculate -13 + -30 + 12 + (-21 - -12) + -14.
-54
What is the value of (-18 - (17 + 1 + (15 - 23))) + -9?
-37
Calculate 5 + 71 + (7 - -5 - 24).
64
Evaluate -82 + (8 - (11 - 17)) - (9 - (6 - 9)).
-80
What is the value of (-11 - (3 - (-7 + 13))) + -10?
-18
What is the value of -29 + (63 - 33) + 36 + (-1 - -14)?
50
What is the value of (-5 - -20) + (-33 + 18 - -11 - 0) - 17?
-6
Calculate -8 + -109 + (-19 - (15 - 9 - 20)).
-122
What is (-22 - -32 - 19) + ((-3 - 14) + 0 - 4)?
-30
Calculate 63 - ((-11 - -50) + -54 - 11).
89
What is (13 - 18) + -18 + 11 - 23?
-35
Calculate -109 - ((-9 + 6 - 22) + -106 + 122).
-100
What is the value of 7 + 3 + (-10 - (-12 - (-19 + 7) - -3))?
-3
Calculate 16 - -4 - (11 - ((34 - 20) + -14)).
9
What is (-12 - (-18 + 15)) + (-89 - -34)?
-64
Calculate -2 + ((-33 - -39 - 6) + -1 + 1 - 18).
-20
Evaluate (-75 + 79 - (2 + -10)) + -21 + -23.
-32
Calculate (-20 - (-7 + -1)) + -7.
-19
What is 8 + -4 + ((4 - 2) + -5 - (-1 + -8))?
10
What is 5616 + -5604 - (-79 - 2)?
93
What is -9 - -42 - 21 - -29?
41
What is 12 - ((2 - (-7 - 2)) + 3 + -71)?
69
What is -1 + 62 + -1 - (11 + -7 - (14 + -17))?
53
Calculate (-2505 - -2594) + (-118 - 1).
-30
What is 0 + 0 - (-42 + -32 + -13 - 22)?
109
What is 29 + (-15 - (29 - 26)) - (-2 - -6) - -1?
8
Evaluate -14 + -2 + (2951 - 2862).
73
Calculate 42 + (-2 - 0) - (-6 + (-5 - -13) + -6).
44
Evaluate (-48 + 2 - (-10 + 9)) + 16 + -16 + -7.
-52
What is the value of (2 - 69) + (-4 - -5) + (1 - (128 + -128))?
-65
Calculate ((21 - 19) + 15 - 22) + -86.
-91
What is (1 + 17 - (-58 + 46 - -6)) + 64?
88
What is the value of 12 - (-18 + (-9 - -113)) - -18?
-56
What is the value of -20 + (16 - 39) + 39?
-4
Evaluate (55 - 121) + 22 + -13 + 4.
-53
11 - -38 - (-7 + 56)
0
Evaluate 10 + ((14 - (-23 + 43)) + 15 - 119).
-100
Calculate (4 - (-88 - -112)) + 14 + -1.
-7
Evaluate 14 - 2 - ((-3 + -3 - (-8 + 106)) + 3).
113
Calculate -145 - (-119 + 164) - -93.
-97
Evaluate -17 - ((-36 - 18) + 32) - -18.
23
What is the value of -173 - (-86 + (-28 - -34))?
-93
What is 93 + 9 + -48 - -24?
78
Evaluate (-5 + (-5 - -13) + 2 - 5 - -36) + -6.
30
What is -12 + (36 - 18) + -6 + -50 + -11?
-61
Evaluate (-29 - 0) + -904 + 914.
-19
-11 - (3 - (-3 + 5)) - (163 + -139)
-36
2 - 3 - (-164 + 178 - (-3 + -1 + -12))
-31
What is 23 - (7 - (71 - 45))?
42
Calculate (6 - (147 + -115)) + (1 - 30).
-55
Evaluate -77 + 49 - (32 - (-4 - -15)).
-49
2 - -5 - 2 - ((-12 - -48 - -11) + -36)
-6
What is 40 + (5 - 8 - -7) + (1 - -4)?
49
Calculate 896 + -906 - (-8 - -2).
-4
What is 0 + -17 + (2 - -34) - 0?
19
-40 + (39 - (-6 + 0)) + 13
18
Evaluate -80 + (-159 - -88) + 76.
-75
(3 - 6) + -34 - (-2546 - -2444)
65
Evaluate (-44 - (5 - 29 - -15)) + (1 - 5).
-39
What is 66 + -84 + (2 - (-22 + -15))?
21
Evaluate 44 + -12 + (-87 - (-45 - 2)).
-8
Calculate 173 + -240 + 53 + -8.
-22
414 + -399 - (1 + 44)
-30
What is (-3327 + 3317 - ((0 - 7) + 1)) + 7 + -83?
-80
What is 89 - 125 - -120 - 65?
19
Evaluate 25 - (115 + -37 - 21).
-32
(-11 - -1) + (-5 - (-21 + 26)) + -27
-47
Calculate -92 + (48 - -11) - -22.
-11
Evaluate 7 - ((-4 - (-3 + 10 + -26)) + 4).
-12
Calculate -37 - 9 - (0 - -4) - (-35 - -34).
-49
What is 13 - ((-14 + 4 - 4) + 9 - 1)?
19
What is (-135 - 148) + 138 + (-2 - -26)?
-121
0 - (-16 + (-13 - -29) - (-2 + 11))
9
Evaluate 7 - 42 - (-15 - 8).
-12
Calculate 15 + 38 + 37 + (-4 - (-8 - 1)).
95
What is 63 + 7 - (30 - (7 - -4))?
51
Evaluate -8 - (-25 + 119 + -41).
-61
Calculate 790 + -844 - (-12 - 3).
-39
Calculate (8 + -6 - 3) + (-141 - -163).
21
What is 11 + (52 - (30 - -18) - (-3 - -19))?
-1
Evaluate (-43 - -96) + -44 - 18.
-9
What is the value of (-2 - 36 - (-219 - -193)) + -17?
-29
What is the value of 2 + 11 - (-37 + -8 - -110)?
-52
(1544 - 1551) + 3 + 54
50
Calculate -5 + 84 + 7 - -7 - (-139 + 135).
97
What is -3 + -8 + 9 + -1 + 0 - (1106 + -1092)?
-17
Calculate (4 - 2) + (-4 - (5 - 11)) + (954 - 896).
62
Calculate (3 + 0 + 0 - -3) + (181 - 177) - 10.
0
Evaluate -213 - -236 - (-6 - (-3 + -1) - 9).
34
Calculate 50 - (-109 - (-94 - -9)).
74
What is the value of 0 - (0 - 0) - (1909 + -1877)?
-32
Evaluate -45 - (16 + 3 + (15 - 39)).
-40
What is the value of 22 - (-2 - 2) - (883 - 767)?
-90
Calculate -11 + (-12 - -22) + 20 + 15.
34
-29 - (8 + -3 + (-6 - 11 - -9))
-26
(-29 + -41 - -2) + 36
-32
Calculate 201 - (165 + -52) - -16.
104
What is the value of -10 - (10 - ((-3 - 15) + 25)) - -14?
1
What is the value of -14 + 2 - (-43 + (-2 - (13 - 29)) + 4)?
13
9 - (1 + -12 + (0 - -2) + 48)
-30
What is the value of 5 + -17 - ((-3 - 55) + 40)?
6
What is the value of -1265 + 1236 + (1 - -73)?
45
Calculate (-2 - ((9 - (-15 + 15)) + -22)) + (-109 - 3).
-101
What is 17 + (-40 - (7 + 8))?
-38
What is the value of -73 + 3 + -4 + -722 + 708 - 17?
-105
18 - 110 - (-318 - -139)
87
What is ((-6 - 0) + -66 - (-47 + 57)) + (0 - 12)?
-94
What is the value of -11 - 6 - ((-31 - -18) + -51)?
47
98 - 2 - ((-276 - -284) + 0 + -2 - 21)
111
What is (21 + -22 - (34 + -1)) + -18 + 6?
-46
What is -42 + -51 + 41 - 15?
-67
What is (-5 - ((30 - 21) + -5)) + 19?
10
What is the value of (3 - 92) + (-8 - (12 + (-20 - -3)))?
-92
Evaluate (2 - 20) + 33 + -57.
-42
What is (-26 - -69) + (-2 - (13 + -2) - -4)?
34
Calculate (47 + (8 - 17) - 12) + 9.
35
Evaluate -72 + 3 + (0 - 5) + 2 + 2491 + -2487.
-68
22 + (33 - 51 - (7 - 10)) + -48
-41
-194 - ((-126 - -26) + 0)
-94
Evaluate (6 - 4) + (-43 - -29) + 15 - -43.
46
Calculate (-113 + -7 - 3) + -6 - (25 + 16 - 52).
-118
What is the value of 27 + (-13 - 40 - -38)?
12
-2 + 3 + (-16 - (-8 + -33 + 19)) + 23
30
Evaluate (-70 - (-94 - 8)) + 27.
59
34 + -41 + -108 + 207
92
(983 - 1119) + 190 + 9
63
Calculate -12 + -19 + 15 + -14 + -6 + 19.
-17
Evaluate (48 - (-65 + 110) - (1 + -1 - 70)) + -2.
71
What is 98 - (53 + 118) - (-25 - -1)?
-49
Evaluate (-8 - -10 - 3) + (19 - 0).
18
What is 7 + (22 - 80) - (-8 + (13 - 2))?
-54
(-103 - -111) + -77 - -138
69
What is the value of (-1 - 9) + (5 - -2) + 12 + 86 + -78?
17
What is the value of -136 + (14 - (2 - -8)) - (-30 + 12)?
-114
What is the value of (61 - (53 - (2 - -19))) + 18?
47
What is the value of (-385 - -391) + (3 + -5 - (-2 + 100))?
-94
Calculate -10 - ((7 - 5 - (11 + -1 - -69)) + 4).
63
Calculate (-468 - -435 - (0 - 5 - -18)) + 1 + 0.
-45
What is 53 + (-161 + 149 - (-9 - (9 + -11)))?
48
Evaluate 53 - (4 - 6 - (-13 - -25 - 21) - 0).
46
Calculate -195 + 136 + 43 - (-47 + 1).
30
Calculate (19 + 3 + -17 - -14) + 12.
31
What is the value of 1 + 4 + 80 - (18 + -10 + (-25 - -13))?
89
(49 - (38 - 23)) + -10 + 0
24
80 - 6 - (46 - 38)
66
What is (5 - 13) + (-2 - (-39 - -68))?
-39
Calculate 64 + (-11 - 16) + -36 - (-37 - (1 + 2)).
41
What is the value of -7 + (2 - 1) + (79 - 1 - (5 + 20))?
47
34 + (-11 - (14 + -14 + 8 + -6))
21
Calculate (0 - -2 - 20) + -185 + 201 - -10.
8
Calculate 7 + 44 + (63 - 77).
37
Calculate -35 + 3 + -2 + 3 + -5 - 9 - -2.
-43
-13 + (15 - -5) - -1 - (5 + -47)
50
What is (22 - 10) + (-9 - 5) + 0?
-2
What is 4 - ((-1 - -24) + -55 + 85)?
-49
(39 - (76 + -14)) + -67 + 18
-72
Calculate -248 + 44 + 97 - (-4 + 3 - 18).
-88
Calculate (87 - 15) + -88 + 19.
3
What is (-31 - -18) + -6 +